{"id":15,"date":"2010-08-08T16:17:43","date_gmt":"2010-08-08T14:17:43","guid":{"rendered":"http:\/\/www.accarochemaure.fr\/?page_id=15"},"modified":"2010-09-25T22:05:54","modified_gmt":"2010-09-25T20:05:54","slug":"saison-2010-2011","status":"publish","type":"page","link":"https:\/\/www.accarochemaure.fr\/?page_id=15","title":{"rendered":"Saison 2010-2011"},"content":{"rendered":"<h2 style=\"text-align: center;\">A.C.C.A de Rochemaure (Ard\u00e8che)<\/h2>\n<p><em>Documents officiels de l&rsquo;association<\/em><\/p>\n<ul>\n<li><strong>R\u00e9glement 2010-2011 valid\u00e9 par la F\u00e9d\u00e9ration et la DDEA<\/strong><br \/>\n<a href=\"..\/wp-content\/uploads\/2010\/08\/Rglt2010-11-valid%C3%A9-.pdf\">Consulter le document (pdf)<\/a><\/li>\n<li><strong>R\u00e8glement 2010-2011 <\/strong><br \/>\n<a href=\"https:\/\/www.accarochemaure.fr\/wp-content\/uploads\/2010\/08\/reglement-acca-2010.pdf\">Consulter le document (pdf<\/a>)<\/li>\n<li><strong>Calendrier des \u00e9quipes de chasse aux sangliers<\/strong><br \/>\n<a href=\"https:\/\/www.accarochemaure.fr\/wp-content\/uploads\/2010\/09\/calendrier-acca-sangl-2010-11.pdf\">Consulter le document (pdf)<\/a><\/li>\n<\/ul>\n","protected":false},"excerpt":{"rendered":"<p>A.C.C.A de Rochemaure (Ard\u00e8che) Documents officiels de l&rsquo;association R\u00e9glement 2010-2011 valid\u00e9 par la F\u00e9d\u00e9ration et la DDEA Consulter le document (pdf) R\u00e8glement 2010-2011 Consulter le document (pdf) Calendrier des \u00e9quipes de chasse aux sangliers Consulter le document (pdf)<\/p>\n","protected":false},"author":1,"featured_media":0,"parent":13,"menu_order":4,"comment_status":"closed","ping_status":"open","template":"","meta":{"_aioseop_title":"","_aioseop_description":"","jetpack_post_was_ever_published":false,"footnotes":""},"class_list":["post-15","page","type-page","status-publish"],"jetpack_shortlink":"https:\/\/wp.me\/P11tZa-f","jetpack_sharing_enabled":true,"_links":{"self":[{"href":"https:\/\/www.accarochemaure.fr\/index.php?rest_route=\/wp\/v2\/pages\/15","targetHints":{"allow":["GET"]}}],"collection":[{"href":"https:\/\/www.accarochemaure.fr\/index.php?rest_route=\/wp\/v2\/pages"}],"about":[{"href":"https:\/\/www.accarochemaure.fr\/index.php?rest_route=\/wp\/v2\/types\/page"}],"author":[{"embeddable":true,"href":"https:\/\/www.accarochemaure.fr\/index.php?rest_route=\/wp\/v2\/users\/1"}],"replies":[{"embeddable":true,"href":"https:\/\/www.accarochemaure.fr\/index.php?rest_route=%2Fwp%2Fv2%2Fcomments&post=15"}],"version-history":[{"count":10,"href":"https:\/\/www.accarochemaure.fr\/index.php?rest_route=\/wp\/v2\/pages\/15\/revisions"}],"predecessor-version":[{"id":17,"href":"https:\/\/www.accarochemaure.fr\/index.php?rest_route=\/wp\/v2\/pages\/15\/revisions\/17"}],"up":[{"embeddable":true,"href":"https:\/\/www.accarochemaure.fr\/index.php?rest_route=\/wp\/v2\/pages\/13"}],"wp:attachment":[{"href":"https:\/\/www.accarochemaure.fr\/index.php?rest_route=%2Fwp%2Fv2%2Fmedia&parent=15"}],"curies":[{"name":"wp","href":"https:\/\/api.w.org\/{rel}","templated":true}]}}